[INFO] cloning repository https://github.com/LaSpruca/bfc
[INFO] running `Command { std: "git" "-c" "credential.helper=" "-c" "credential.helper=/workspace/cargo-home/bin/git-credential-null" "clone" "--bare" "https://github.com/LaSpruca/bfc" "/workspace/cache/git-repos/https%3A%2F%2Fgithub.com%2FLaSpruca%2Fbfc", kill_on_drop: false }`
[INFO] [stderr] Cloning into bare repository '/workspace/cache/git-repos/https%3A%2F%2Fgithub.com%2FLaSpruca%2Fbfc'...
[INFO] running `Command { std: "git" "rev-parse" "HEAD", kill_on_drop: false }`
[INFO] [stdout] 5b6ffc94b933970381897af6a33c019d6b282bf1
[INFO] checking LaSpruca/bfc against master#9610dfe5a9a731ced1ea4923ecbd0c57fe367898 for beta-170-4
[INFO] running `Command { std: "git" "clone" "/workspace/cache/git-repos/https%3A%2F%2Fgithub.com%2FLaSpruca%2Fbfc" "/workspace/builds/worker-7-tc1/source", kill_on_drop: false }`
[INFO] [stderr] Cloning into '/workspace/builds/worker-7-tc1/source'...
[INFO] [stderr] done.
[INFO] validating manifest of git repo https://github.com/LaSpruca/bfc on toolchain 9610dfe5a9a731ced1ea4923ecbd0c57fe367898
[INFO] running `Command { std: CARGO_HOME="/workspace/cargo-home" RUSTUP_HOME="/workspace/rustup-home" "/workspace/cargo-home/bin/cargo" "+9610dfe5a9a731ced1ea4923ecbd0c57fe367898" "metadata" "--manifest-path" "Cargo.toml" "--no-deps", kill_on_drop: false }`
[INFO] started tweaking git repo https://github.com/LaSpruca/bfc
[INFO] finished tweaking git repo https://github.com/LaSpruca/bfc
[INFO] tweaked toml for git repo https://github.com/LaSpruca/bfc written to /workspace/builds/worker-7-tc1/source/Cargo.toml
[INFO] crate git repo https://github.com/LaSpruca/bfc already has a lockfile, it will not be regenerated
[INFO] running `Command { std: CARGO_HOME="/workspace/cargo-home" RUSTUP_HOME="/workspace/rustup-home" "/workspace/cargo-home/bin/cargo" "+9610dfe5a9a731ced1ea4923ecbd0c57fe367898" "fetch" "--manifest-path" "Cargo.toml", kill_on_drop: false }`
[INFO] [stderr]     Blocking waiting for file lock on package cache
[INFO] [stderr]     Updating git repository `https://github.com/TheDan64/inkwell`
[INFO] [stderr]     Blocking waiting for file lock on package cache
[INFO] [stderr]  Downloading crates ...
[INFO] [stderr]   Downloaded pest v2.5.2
[INFO] [stderr]   Downloaded llvm-sys v120.2.5
[INFO] running `Command { std: "docker" "create" "-v" "/var/lib/crater-agent-workspace/builds/worker-7-tc1/target:/opt/rustwide/target:rw,Z" "-v" "/var/lib/crater-agent-workspace/builds/worker-7-tc1/source:/opt/rustwide/workdir:ro,Z" "-v" "/var/lib/crater-agent-workspace/cargo-home:/opt/rustwide/cargo-home:ro,Z" "-v" "/var/lib/crater-agent-workspace/rustup-home:/opt/rustwide/rustup-home:ro,Z" "-e" "SOURCE_DIR=/opt/rustwide/workdir" "-e" "CARGO_TARGET_DIR=/opt/rustwide/target" "-e" "CARGO_HOME=/opt/rustwide/cargo-home" "-e" "RUSTUP_HOME=/opt/rustwide/rustup-home" "-w" "/opt/rustwide/workdir" "-m" "1610612736" "--user" "0:0" "--network" "none" "ghcr.io/rust-lang/crates-build-env/linux@sha256:19e73879b68f455e41552ea35293514db52ea292d993f571636dbffedb77a1ee" "/opt/rustwide/cargo-home/bin/cargo" "+9610dfe5a9a731ced1ea4923ecbd0c57fe367898" "metadata" "--no-deps" "--format-version=1", kill_on_drop: false }`
[INFO] [stdout] 72fb697de0ffaee764b774005648d0cb757e2d4d3a49eeb04265e34b49dab01c
[INFO] running `Command { std: "docker" "start" "-a" "72fb697de0ffaee764b774005648d0cb757e2d4d3a49eeb04265e34b49dab01c", kill_on_drop: false }`
[INFO] running `Command { std: "docker" "inspect" "72fb697de0ffaee764b774005648d0cb757e2d4d3a49eeb04265e34b49dab01c", kill_on_drop: false }`
[INFO] running `Command { std: "docker" "rm" "-f" "72fb697de0ffaee764b774005648d0cb757e2d4d3a49eeb04265e34b49dab01c", kill_on_drop: false }`
[INFO] [stdout] 72fb697de0ffaee764b774005648d0cb757e2d4d3a49eeb04265e34b49dab01c
[INFO] running `Command { std: "docker" "create" "-v" "/var/lib/crater-agent-workspace/builds/worker-7-tc1/target:/opt/rustwide/target:rw,Z" "-v" "/var/lib/crater-agent-workspace/builds/worker-7-tc1/source:/opt/rustwide/workdir:ro,Z" "-v" "/var/lib/crater-agent-workspace/cargo-home:/opt/rustwide/cargo-home:ro,Z" "-v" "/var/lib/crater-agent-workspace/rustup-home:/opt/rustwide/rustup-home:ro,Z" "-e" "SOURCE_DIR=/opt/rustwide/workdir" "-e" "CARGO_TARGET_DIR=/opt/rustwide/target" "-e" "CARGO_INCREMENTAL=0" "-e" "RUST_BACKTRACE=full" "-e" "RUSTFLAGS=--cap-lints=forbid" "-e" "RUSTDOCFLAGS=--cap-lints=forbid" "-e" "CARGO_HOME=/opt/rustwide/cargo-home" "-e" "RUSTUP_HOME=/opt/rustwide/rustup-home" "-w" "/opt/rustwide/workdir" "-m" "1610612736" "--user" "0:0" "--network" "none" "ghcr.io/rust-lang/crates-build-env/linux@sha256:19e73879b68f455e41552ea35293514db52ea292d993f571636dbffedb77a1ee" "/opt/rustwide/cargo-home/bin/cargo" "+9610dfe5a9a731ced1ea4923ecbd0c57fe367898" "check" "--frozen" "--all" "--all-targets" "--message-format=json", kill_on_drop: false }`
[INFO] [stdout] 04c310533b41419d537f61e0b30730951099d5dc054998f03794db4c0151646a
[INFO] running `Command { std: "docker" "start" "-a" "04c310533b41419d537f61e0b30730951099d5dc054998f03794db4c0151646a", kill_on_drop: false }`
[INFO] [stderr]    Compiling proc-macro2 v1.0.49
[INFO] [stderr]    Compiling quote v1.0.23
[INFO] [stderr]    Compiling unicode-ident v1.0.6
[INFO] [stderr]    Compiling syn v1.0.107
[INFO] [stderr]    Compiling libc v0.2.139
[INFO] [stderr]    Compiling thiserror v1.0.38
[INFO] [stderr]    Compiling ucd-trie v0.1.5
[INFO] [stderr]    Compiling regex-syntax v0.6.28
[INFO] [stderr]    Compiling io-lifetimes v1.0.3
[INFO] [stderr]    Compiling cc v1.0.78
[INFO] [stderr]    Compiling rustix v0.36.6
[INFO] [stderr]    Compiling parking_lot_core v0.9.5
[INFO] [stderr]    Compiling lock_api v0.4.9
[INFO] [stderr]    Compiling aho-corasick v0.7.20
[INFO] [stderr]     Checking linux-raw-sys v0.1.4
[INFO] [stderr]     Checking smallvec v1.10.0
[INFO] [stderr]    Compiling heck v0.4.0
[INFO] [stderr]     Checking once_cell v1.17.0
[INFO] [stderr]    Compiling inkwell v0.1.0 (https://github.com/TheDan64/inkwell?branch=master#3c5d7706)
[INFO] [stderr]     Checking os_str_bytes v6.4.1
[INFO] [stderr]     Checking either v1.8.0
[INFO] [stderr]     Checking strsim v0.10.0
[INFO] [stderr]     Checking clap_lex v0.3.0
[INFO] [stderr]    Compiling proc-macro-error-attr v1.0.4
[INFO] [stderr]     Checking parking_lot v0.12.1
[INFO] [stderr]    Compiling regex v1.7.0
[INFO] [stderr]     Checking is-terminal v0.4.2
[INFO] [stderr]    Compiling proc-macro-error v1.0.4
[INFO] [stderr]    Compiling thiserror-impl v1.0.38
[INFO] [stderr]    Compiling inkwell_internals v0.6.0 (https://github.com/TheDan64/inkwell?branch=master#3c5d7706)
[INFO] [stderr]    Compiling clap_derive v4.0.21
[INFO] [stderr]    Compiling pest v2.5.2
[INFO] [stderr]     Checking clap v4.0.32
[INFO] [stderr]    Compiling semver-parser v0.10.2
[INFO] [stderr]    Compiling semver v0.11.0
[INFO] [stderr]    Compiling llvm-sys v120.2.5
[INFO] [stderr]     Checking bf-compile v0.1.1 (/opt/rustwide/workdir)
[INFO] [stdout] warning: unused import: `AddressSpace`
[INFO] [stdout]  --> src/code_gen.rs:3:50
[INFO] [stdout]   |
[INFO] [stdout] 3 | use inkwell::{builder::*, context::*, module::*, AddressSpace};
[INFO] [stdout]   |                                                  ^^^^^^^^^^^^
[INFO] [stdout]   |
[INFO] [stdout]   = note: `#[warn(unused_imports)]` on by default
[INFO] [stdout] 
[INFO] [stdout] 
[INFO] [stdout] warning: unused import: `ValueEnum`
[INFO] [stdout]  --> src/main.rs:3:20
[INFO] [stdout]   |
[INFO] [stdout] 3 | use clap::{Parser, ValueEnum};
[INFO] [stdout]   |                    ^^^^^^^^^
[INFO] [stdout] 
[INFO] [stdout] 
[INFO] [stdout] warning: unused import: `inkwell::module::Module`
[INFO] [stdout]  --> src/main.rs:4:5
[INFO] [stdout]   |
[INFO] [stdout] 4 | use inkwell::module::Module;
[INFO] [stdout]   |     ^^^^^^^^^^^^^^^^^^^^^^^
[INFO] [stdout] 
[INFO] [stdout] 
[INFO] [stdout] warning: unused import: `std::task::Context`
[INFO] [stdout]  --> src/main.rs:5:5
[INFO] [stdout]   |
[INFO] [stdout] 5 | use std::task::Context;
[INFO] [stdout]   |     ^^^^^^^^^^^^^^^^^^
[INFO] [stdout] 
[INFO] [stdout] 
[INFO] [stdout] warning: unused import: `AddressSpace`
[INFO] [stdout]  --> src/code_gen.rs:3:50
[INFO] [stdout]   |
[INFO] [stdout] 3 | use inkwell::{builder::*, context::*, module::*, AddressSpace};
[INFO] [stdout]   |                                                  ^^^^^^^^^^^^
[INFO] [stdout]   |
[INFO] [stdout]   = note: `#[warn(unused_imports)]` on by default
[INFO] [stdout] 
[INFO] [stdout] 
[INFO] [stdout] warning: unused import: `ValueEnum`
[INFO] [stdout]  --> src/main.rs:3:20
[INFO] [stdout]   |
[INFO] [stdout] 3 | use clap::{Parser, ValueEnum};
[INFO] [stdout]   |                    ^^^^^^^^^
[INFO] [stdout] 
[INFO] [stdout] 
[INFO] [stdout] warning: unused import: `inkwell::module::Module`
[INFO] [stdout]  --> src/main.rs:4:5
[INFO] [stdout]   |
[INFO] [stdout] 4 | use inkwell::module::Module;
[INFO] [stdout]   |     ^^^^^^^^^^^^^^^^^^^^^^^
[INFO] [stdout] 
[INFO] [stdout] 
[INFO] [stdout] warning: unused import: `std::task::Context`
[INFO] [stdout]  --> src/main.rs:5:5
[INFO] [stdout]   |
[INFO] [stdout] 5 | use std::task::Context;
[INFO] [stdout]   |     ^^^^^^^^^^^^^^^^^^
[INFO] [stdout] 
[INFO] [stdout] 
[INFO] [stdout] error[E0599]: no method named `get_pointer_type` found for struct `inkwell::types::IntType` in the current scope
[INFO] [stdout]   --> src/code_gen.rs:34:26
[INFO] [stdout]    |
[INFO] [stdout] 34 |     let i8_ptr = i8_type.get_pointer_type();
[INFO] [stdout]    |                          ^^^^^^^^^^^^^^^^ help: there is a method with a similar name: `ptr_type`
[INFO] [stdout] 
[INFO] [stdout] 
[INFO] [stdout] error[E0599]: no method named `get_pointer_type` found for struct `inkwell::types::IntType` in the current scope
[INFO] [stdout]   --> src/code_gen.rs:34:26
[INFO] [stdout]    |
[INFO] [stdout] 34 |     let i8_ptr = i8_type.get_pointer_type();
[INFO] [stdout]    |                          ^^^^^^^^^^^^^^^^ help: there is a method with a similar name: `ptr_type`
[INFO] [stdout] 
[INFO] [stdout] 
[INFO] [stdout] error[E0277]: the trait bound `Vec<u8>: From<VecDeque<i128>>` is not satisfied
[INFO] [stdout]    --> src/main.rs:111:22
[INFO] [stdout]     |
[INFO] [stdout] 111 |         delta: delta.into(),
[INFO] [stdout]     |                      ^^^^ the trait `From<VecDeque<i128>>` is not implemented for `Vec<u8>`
[INFO] [stdout]     |
[INFO] [stdout]     = help: the following other types implement trait `From<T>`:
[INFO] [stdout]               <Vec<u8> as From<&str>>
[INFO] [stdout]               <Vec<u8> as From<CString>>
[INFO] [stdout]               <Vec<u8> as From<Str>>
[INFO] [stdout]               <Vec<u8> as From<std::string::String>>
[INFO] [stdout]     = note: required for `VecDeque<i128>` to implement `Into<Vec<u8>>`
[INFO] [stdout] 
[INFO] [stdout] 
[INFO] [stdout] error[E0277]: the trait bound `Vec<u8>: From<VecDeque<i128>>` is not satisfied
[INFO] [stdout]    --> src/main.rs:111:22
[INFO] [stdout]     |
[INFO] [stdout] 111 |         delta: delta.into(),
[INFO] [stdout]     |                      ^^^^ the trait `From<VecDeque<i128>>` is not implemented for `Vec<u8>`
[INFO] [stdout]     |
[INFO] [stdout]     = help: the following other types implement trait `From<T>`:
[INFO] [stdout]               <Vec<u8> as From<&str>>
[INFO] [stdout]               <Vec<u8> as From<CString>>
[INFO] [stdout]               <Vec<u8> as From<Str>>
[INFO] [stdout]               <Vec<u8> as From<std::string::String>>
[INFO] [stdout]     = note: required for `VecDeque<i128>` to implement `Into<Vec<u8>>`
[INFO] [stdout] 
[INFO] [stdout] 
[INFO] [stdout] error[E0600]: cannot apply unary operator `-` to type `u8`
[INFO] [stdout]    --> src/main.rs:206:25
[INFO] [stdout]     |
[INFO] [stdout] 206 |             delta: vec![-1, 1, 1],
[INFO] [stdout]     |                         ^^
[INFO] [stdout]     |                         |
[INFO] [stdout]     |                         cannot apply unary operator `-`
[INFO] [stdout]     |                         help: you may have meant the maximum value of `u8`: `u8::MAX`
[INFO] [stdout]     |
[INFO] [stdout]     = note: unsigned values cannot be negated
[INFO] [stdout] 
[INFO] [stdout] 
[INFO] [stdout] error[E0600]: cannot apply unary operator `-` to type `u8`
[INFO] [stdout]    --> src/main.rs:215:25
[INFO] [stdout]     |
[INFO] [stdout] 215 |             delta: vec![-1, 2],
[INFO] [stdout]     |                         ^^
[INFO] [stdout]     |                         |
[INFO] [stdout]     |                         cannot apply unary operator `-`
[INFO] [stdout]     |                         help: you may have meant the maximum value of `u8`: `u8::MAX`
[INFO] [stdout]     |
[INFO] [stdout]     = note: unsigned values cannot be negated
[INFO] [stdout] 
[INFO] [stdout] 
[INFO] [stdout] error: aborting due to 2 previous errors; 4 warnings emitted
[INFO] [stdout] 
[INFO] [stdout] 
[INFO] [stdout] Some errors have detailed explanations: E0277, E0599.
[INFO] [stdout] 
[INFO] [stdout] For more information about an error, try `rustc --explain E0277`.
[INFO] [stdout] 
[INFO] [stdout] error[E0600]: cannot apply unary operator `-` to type `u8`
[INFO] [stdout]    --> src/main.rs:224:25
[INFO] [stdout]     |
[INFO] [stdout] 224 |             delta: vec![-1, 1, 1],
[INFO] [stdout]     |                         ^^
[INFO] [stdout]     |                         |
[INFO] [stdout]     |                         cannot apply unary operator `-`
[INFO] [stdout]     |                         help: you may have meant the maximum value of `u8`: `u8::MAX`
[INFO] [stdout]     |
[INFO] [stdout]     = note: unsigned values cannot be negated
[INFO] [stdout] 
[INFO] [stdout] 
[INFO] [stdout] error[E0600]: cannot apply unary operator `-` to type `u8`
[INFO] [stdout]    --> src/main.rs:243:29
[INFO] [stdout]     |
[INFO] [stdout] 243 |                 delta: vec![-1, 1, 1],
[INFO] [stdout]     |                             ^^
[INFO] [stdout]     |                             |
[INFO] [stdout]     |                             cannot apply unary operator `-`
[INFO] [stdout]     |                             help: you may have meant the maximum value of `u8`: `u8::MAX`
[INFO] [stdout]     |
[INFO] [stdout]     = note: unsigned values cannot be negated
[INFO] [stdout] 
[INFO] [stdout] 
[INFO] [stderr] error: could not compile `bf-compile` (bin "bfc") due to 3 previous errors; 4 warnings emitted
[INFO] [stdout] error: aborting due to 6 previous errors; 4 warnings emitted
[INFO] [stdout] 
[INFO] [stdout] 
[INFO] [stderr] warning: build failed, waiting for other jobs to finish...
[INFO] [stdout] Some errors have detailed explanations: E0277, E0599, E0600.
[INFO] [stdout] 
[INFO] [stdout] For more information about an error, try `rustc --explain E0277`.
[INFO] [stdout] 
[INFO] [stderr] error: could not compile `bf-compile` (bin "bfc" test) due to 7 previous errors; 4 warnings emitted
[INFO] running `Command { std: "docker" "inspect" "04c310533b41419d537f61e0b30730951099d5dc054998f03794db4c0151646a", kill_on_drop: false }`
[INFO] running `Command { std: "docker" "rm" "-f" "04c310533b41419d537f61e0b30730951099d5dc054998f03794db4c0151646a", kill_on_drop: false }`
[INFO] [stdout] 04c310533b41419d537f61e0b30730951099d5dc054998f03794db4c0151646a
